Last updated on 2024-08-16 09:49:07 CEST.
Flavor | Version | Tinstall | Tcheck | Ttotal | Status | Flags |
---|---|---|---|---|---|---|
r-devel-linux-x86_64-debian-clang | 1.1.2 | 5.43 | 61.70 | 67.13 | OK | |
r-devel-linux-x86_64-debian-gcc | 1.1.2 | 3.55 | 45.01 | 48.56 | OK | |
r-devel-linux-x86_64-fedora-clang | 1.1.2 | 106.65 | NOTE | |||
r-devel-linux-x86_64-fedora-gcc | 1.1.2 | 120.39 | OK | |||
r-devel-windows-x86_64 | 1.1.2 | 8.00 | 88.00 | 96.00 | NOTE | |
r-patched-linux-x86_64 | 1.1.2 | 5.27 | 58.34 | 63.61 | OK | |
r-release-linux-x86_64 | 1.1.2 | 4.34 | 58.79 | 63.13 | OK | |
r-release-macos-arm64 | 1.1.2 | 41.00 | NOTE | |||
r-release-macos-x86_64 | 1.1.2 | 63.00 | NOTE | |||
r-release-windows-x86_64 | 1.1.2 | 8.00 | 88.00 | 96.00 | NOTE | |
r-oldrel-macos-arm64 | 1.1.2 | 43.00 | NOTE | |||
r-oldrel-macos-x86_64 | 1.1.2 | 144.00 | NOTE | |||
r-oldrel-windows-x86_64 | 1.1.2 | 10.00 | 101.00 | 111.00 | NOTE |
Version: 1.1.2
Check: installed package size
Result: NOTE
installed size is 7.4Mb
sub-directories of 1Mb or more:
extdata 5.8Mb
Flavors: r-devel-linux-x86_64-fedora-clang, r-devel-windows-x86_64, r-release-macos-arm64, r-release-macos-x86_64, r-release-windows-x86_64, r-oldrel-macos-arm64, r-oldrel-macos-x86_64, r-oldrel-windows-x86_64