Last updated on 2024-08-16 09:49:07 CEST.
Flavor | Version | Tinstall | Tcheck | Ttotal | Status | Flags |
---|---|---|---|---|---|---|
r-devel-linux-x86_64-debian-clang | 2.0.11 | 6.21 | 48.21 | 54.42 | OK | |
r-devel-linux-x86_64-debian-gcc | 2.0.11 | 3.51 | 35.46 | 38.97 | OK | |
r-devel-linux-x86_64-fedora-clang | 2.0.11 | 87.25 | OK | |||
r-devel-linux-x86_64-fedora-gcc | 2.0.11 | 95.29 | OK | |||
r-devel-windows-x86_64 | 2.0.11 | 6.00 | 72.00 | 78.00 | OK | |
r-patched-linux-x86_64 | 2.0.11 | 6.35 | 45.46 | 51.81 | OK | |
r-release-linux-x86_64 | 2.0.11 | 5.66 | 45.66 | 51.32 | OK | |
r-release-macos-arm64 | 2.0.11 | 28.00 | OK | |||
r-release-macos-x86_64 | 2.0.11 | 52.00 | OK | |||
r-release-windows-x86_64 | 2.0.11 | 7.00 | 73.00 | 80.00 | OK | |
r-oldrel-macos-arm64 | 2.0.11 | 41.00 | NOTE | |||
r-oldrel-macos-x86_64 | 2.0.11 | 92.00 | NOTE | |||
r-oldrel-windows-x86_64 | 2.0.11 | 6.00 | 74.00 | 80.00 | OK |
Version: 2.0.11
Check: package dependencies
Result: NOTE
Package suggested but not available for checking: ‘HTSFilter’
Flavors: r-oldrel-macos-arm64, r-oldrel-macos-x86_64