Last updated on 2024-08-15 20:48:17 CEST.
Flavor | Version | Tinstall | Tcheck | Ttotal | Status | Flags |
---|---|---|---|---|---|---|
r-devel-linux-x86_64-debian-clang | 1.1.3 | 19.89 | 81.28 | 101.17 | OK | |
r-devel-linux-x86_64-debian-gcc | 1.1.3 | 17.32 | 55.21 | 72.53 | OK | |
r-devel-linux-x86_64-fedora-clang | 1.1.3 | 156.09 | OK | |||
r-devel-linux-x86_64-fedora-gcc | 1.1.3 | 156.63 | OK | |||
r-devel-windows-x86_64 | 1.1.3 | 22.00 | 84.00 | 106.00 | OK | |
r-patched-linux-x86_64 | 1.1.3 | 16.55 | 71.34 | 87.89 | OK | |
r-release-linux-x86_64 | 1.1.3 | 19.65 | 72.12 | 91.77 | OK | |
r-release-macos-arm64 | 1.1.3 | 54.00 | NOTE | |||
r-release-macos-x86_64 | 1.1.3 | 81.00 | NOTE | |||
r-release-windows-x86_64 | 1.1.3 | 22.00 | 84.00 | 106.00 | OK | |
r-oldrel-macos-arm64 | 1.1.3 | 64.00 | OK | |||
r-oldrel-macos-x86_64 | 1.1.3 | 83.00 | NOTE | |||
r-oldrel-windows-x86_64 | 1.1.3 | 28.00 | 101.00 | 129.00 | OK |
Version: 1.1.3
Check: installed package size
Result: NOTE
installed size is 5.1Mb
sub-directories of 1Mb or more:
data 4.7Mb
Flavors: r-release-macos-arm64, r-release-macos-x86_64, r-oldrel-macos-x86_64