Last updated on 2025-02-17 02:51:10 CET.
Flavor | Version | Tinstall | Tcheck | Ttotal | Status | Flags |
---|---|---|---|---|---|---|
r-devel-linux-x86_64-debian-clang | 1.0.0 | 3.09 | 65.05 | 68.14 | OK | |
r-devel-linux-x86_64-debian-gcc | 1.0.0 | 2.40 | 46.77 | 49.17 | OK | |
r-devel-linux-x86_64-fedora-clang | 1.0.0 | 120.86 | OK | |||
r-devel-linux-x86_64-fedora-gcc | 1.0.0 | 119.40 | OK | |||
r-devel-macos-arm64 | 1.0.0 | 45.00 | OK | |||
r-devel-macos-x86_64 | 1.0.0 | 75.00 | OK | |||
r-devel-windows-x86_64 | 1.0.0 | 7.00 | 84.00 | 91.00 | OK | |
r-patched-linux-x86_64 | 1.0.0 | 3.85 | 59.29 | 63.14 | OK | |
r-release-linux-x86_64 | 1.0.0 | 3.23 | 60.34 | 63.57 | OK | |
r-release-macos-arm64 | 1.0.0 | 44.00 | NOTE | |||
r-release-macos-x86_64 | 1.0.0 | 111.00 | NOTE | |||
r-release-windows-x86_64 | 1.0.0 | 6.00 | 84.00 | 90.00 | NOTE | |
r-oldrel-macos-arm64 | 1.0.0 | 47.00 | NOTE | |||
r-oldrel-macos-x86_64 | 1.0.0 | 87.00 | NOTE | |||
r-oldrel-windows-x86_64 | 1.0.0 | 7.00 | 87.00 | 94.00 | NOTE |
Version: 1.0.0
Check: installed package size
Result: NOTE
installed size is 6.1Mb
sub-directories of 1Mb or more:
doc 5.7Mb
Flavors: r-release-macos-arm64, r-release-macos-x86_64, r-release-windows-x86_64, r-oldrel-macos-arm64, r-oldrel-macos-x86_64, r-oldrel-windows-x86_64