Last updated on 2024-08-15 20:48:16 CEST.
Flavor | Version | Tinstall | Tcheck | Ttotal | Status | Flags |
---|---|---|---|---|---|---|
r-devel-linux-x86_64-debian-clang | 1.0-2 | 11.62 | 201.10 | 212.72 | NOTE | |
r-devel-linux-x86_64-debian-gcc | 1.0-2 | 7.81 | 135.19 | 143.00 | NOTE | |
r-devel-linux-x86_64-fedora-clang | 1.0-2 | 333.88 | OK | |||
r-devel-linux-x86_64-fedora-gcc | 1.0-2 | 330.40 | OK | |||
r-devel-windows-x86_64 | 1.0-2 | 14.00 | 303.00 | 317.00 | NOTE | |
r-patched-linux-x86_64 | 1.0-2 | 17.39 | 185.85 | 203.24 | OK | |
r-release-linux-x86_64 | 1.0-2 | 10.06 | 185.56 | 195.62 | OK | |
r-release-macos-arm64 | 1.0-2 | 125.00 | OK | |||
r-release-macos-x86_64 | 1.0-2 | 189.00 | OK | |||
r-release-windows-x86_64 | 1.0-2 | 14.00 | 304.00 | 318.00 | OK | |
r-oldrel-macos-arm64 | 1.0-2 | 121.00 | OK | |||
r-oldrel-macos-x86_64 | 1.0-2 | 283.00 | OK | |||
r-oldrel-windows-x86_64 | 1.0-2 | 18.00 | 323.00 | 341.00 | OK |
Version: 1.0-2
Check: Rd cross-references
Result: NOTE
Found the following Rd file(s) with Rd \link{} targets missing package
anchors:
fclustering.Rd: pam
geom_central_region.Rd: geom_ribbon, geom_line
Please provide package anchors for all Rd \link{} targets not in the
package itself and the base packages.
Flavors: r-devel-linux-x86_64-debian-clang, r-devel-linux-x86_64-debian-gcc, r-devel-windows-x86_64