Last updated on 2024-08-16 09:49:05 CEST.
Flavor | Version | Tinstall | Tcheck | Ttotal | Status | Flags |
---|---|---|---|---|---|---|
r-devel-linux-x86_64-debian-clang | 0.3.4 | 265.72 | 66.37 | 332.09 | NOTE | |
r-devel-linux-x86_64-debian-gcc | 0.3.4 | 184.02 | 45.84 | 229.86 | NOTE | |
r-devel-linux-x86_64-fedora-clang | 0.3.4 | 720.38 | OK | |||
r-devel-linux-x86_64-fedora-gcc | 0.3.4 | 701.06 | OK | |||
r-devel-windows-x86_64 | 0.3.4 | 290.00 | 108.00 | 398.00 | NOTE | |
r-patched-linux-x86_64 | 0.3.4 | 262.05 | 62.19 | 324.24 | OK | |
r-release-linux-x86_64 | 0.3.4 | 254.62 | 63.34 | 317.96 | OK | |
r-release-macos-arm64 | 0.3.4 | 129.00 | NOTE | |||
r-release-macos-x86_64 | 0.3.4 | 125.00 | NOTE | |||
r-release-windows-x86_64 | 0.3.4 | 293.00 | 111.00 | 404.00 | OK | |
r-oldrel-macos-arm64 | 0.3.4 | 167.00 | NOTE | |||
r-oldrel-macos-x86_64 | 0.3.4 | 311.00 | NOTE | |||
r-oldrel-windows-x86_64 | 0.3.4 | 347.00 | 136.00 | 483.00 | OK |
Version: 0.3.4
Check: Rd cross-references
Result: NOTE
Found the following Rd file(s) with Rd \link{} targets missing package
anchors:
Goals.Rd: zoo
MultiGASFit.Rd: hessian
UniGASFit.Rd: hessian
cpichg.Rd: xts
fn.solnp.Rd: solnp
sp500ret.Rd: xts
sp500rv.Rd: xts
usunp.Rd: xts
Please provide package anchors for all Rd \link{} targets not in the
package itself and the base packages.
Flavors: r-devel-linux-x86_64-debian-clang, r-devel-linux-x86_64-debian-gcc, r-devel-windows-x86_64
Version: 0.3.4
Check: installed package size
Result: NOTE
installed size is 11.6Mb
sub-directories of 1Mb or more:
data 1.4Mb
libs 9.6Mb
Flavors: r-release-macos-arm64, r-release-macos-x86_64, r-oldrel-macos-arm64, r-oldrel-macos-x86_64