Last updated on 2024-08-15 20:48:15 CEST.
Flavor | Version | Tinstall | Tcheck | Ttotal | Status | Flags |
---|---|---|---|---|---|---|
r-devel-linux-x86_64-debian-clang | 0.7.2 | 7.84 | 67.45 | 75.29 | NOTE | |
r-devel-linux-x86_64-debian-gcc | 0.7.2 | 5.91 | 45.46 | 51.37 | NOTE | |
r-devel-linux-x86_64-fedora-clang | 0.7.2 | 111.75 | NOTE | |||
r-devel-linux-x86_64-fedora-gcc | 0.7.2 | 105.67 | NOTE | |||
r-devel-windows-x86_64 | 0.7.2 | 9.00 | 74.00 | 83.00 | NOTE | |
r-patched-linux-x86_64 | 0.7.2 | 8.77 | 57.72 | 66.49 | NOTE | |
r-release-linux-x86_64 | 0.7.2 | 8.39 | 58.23 | 66.62 | NOTE | |
r-release-macos-arm64 | 0.7.2 | 35.00 | NOTE | |||
r-release-macos-x86_64 | 0.7.2 | 50.00 | NOTE | |||
r-release-windows-x86_64 | 0.7.2 | 9.00 | 75.00 | 84.00 | NOTE | |
r-oldrel-macos-arm64 | 0.7.2 | 40.00 | NOTE | |||
r-oldrel-macos-x86_64 | 0.7.2 | 60.00 | NOTE | |||
r-oldrel-windows-x86_64 | 0.7.2 | 11.00 | 86.00 | 97.00 | NOTE |
Version: 0.7.2
Check: LazyData
Result: NOTE
'LazyData' is specified without a 'data' directory
Flavors: r-devel-linux-x86_64-debian-clang, r-devel-linux-x86_64-debian-gcc, r-devel-linux-x86_64-fedora-clang, r-devel-linux-x86_64-fedora-gcc, r-devel-windows-x86_64, r-patched-linux-x86_64, r-release-linux-x86_64, r-release-macos-arm64, r-release-macos-x86_64, r-release-windows-x86_64, r-oldrel-macos-arm64, r-oldrel-macos-x86_64, r-oldrel-windows-x86_64