Last updated on 2024-08-16 09:49:04 CEST.
Flavor | Version | Tinstall | Tcheck | Ttotal | Status | Flags |
---|---|---|---|---|---|---|
r-devel-linux-x86_64-debian-clang | 1.0.1 | 57.12 | 37.32 | 94.44 | OK | |
r-devel-linux-x86_64-debian-gcc | 1.0.1 | 38.17 | 27.34 | 65.51 | OK | |
r-devel-linux-x86_64-fedora-clang | 1.0.1 | 177.97 | OK | |||
r-devel-linux-x86_64-fedora-gcc | 1.0.1 | 183.40 | OK | |||
r-devel-windows-x86_64 | 1.0.1 | 61.00 | 84.00 | 145.00 | OK | |
r-patched-linux-x86_64 | 1.0.1 | 53.38 | 35.59 | 88.97 | OK | |
r-release-linux-x86_64 | 1.0.1 | 55.06 | 35.46 | 90.52 | OK | |
r-release-macos-arm64 | 1.0.1 | 44.00 | OK | |||
r-release-macos-x86_64 | 1.0.1 | 52.00 | OK | |||
r-release-windows-x86_64 | 1.0.1 | 61.00 | 82.00 | 143.00 | OK | |
r-oldrel-macos-arm64 | 1.0.1 | 5.00 | ERROR | |||
r-oldrel-macos-x86_64 | 1.0.1 | 90.00 | OK | |||
r-oldrel-windows-x86_64 | 1.0.1 | 73.00 | 94.00 | 167.00 | OK |
Version: 1.0.1
Check: package dependencies
Result: ERROR
Package required but not available: ‘PSCBS’
See section ‘The DESCRIPTION file’ in the ‘Writing R Extensions’
manual.
Flavor: r-oldrel-macos-arm64