Last updated on 2024-08-15 20:48:14 CEST.
Flavor | Version | Tinstall | Tcheck | Ttotal | Status | Flags |
---|---|---|---|---|---|---|
r-devel-linux-x86_64-debian-clang | 0.2.3 | 4.88 | 86.46 | 91.34 | NOTE | |
r-devel-linux-x86_64-debian-gcc | 0.2.3 | 3.26 | 55.61 | 58.87 | NOTE | |
r-devel-linux-x86_64-fedora-clang | 0.2.3 | 145.55 | NOTE | |||
r-devel-linux-x86_64-fedora-gcc | 0.2.3 | 141.86 | NOTE | |||
r-devel-windows-x86_64 | 0.2.3 | 5.00 | 103.00 | 108.00 | NOTE | |
r-patched-linux-x86_64 | 0.2.3 | 5.19 | 80.08 | 85.27 | NOTE | |
r-release-linux-x86_64 | 0.2.3 | 2.88 | 80.32 | 83.20 | NOTE | |
r-release-macos-arm64 | 0.2.3 | 40.00 | NOTE | |||
r-release-macos-x86_64 | 0.2.3 | 60.00 | NOTE | |||
r-release-windows-x86_64 | 0.2.3 | 7.00 | 107.00 | 114.00 | NOTE | |
r-oldrel-macos-arm64 | 0.2.3 | 44.00 | NOTE | |||
r-oldrel-macos-x86_64 | 0.2.3 | 76.00 | NOTE | |||
r-oldrel-windows-x86_64 | 0.2.3 | 8.00 | 130.00 | 138.00 | NOTE |
Version: 0.2.3
Check: LazyData
Result: NOTE
'LazyData' is specified without a 'data' directory
Flavors: r-devel-linux-x86_64-debian-clang, r-devel-linux-x86_64-debian-gcc, r-devel-linux-x86_64-fedora-clang, r-devel-linux-x86_64-fedora-gcc, r-devel-windows-x86_64, r-patched-linux-x86_64, r-release-linux-x86_64, r-release-macos-arm64, r-release-macos-x86_64, r-release-windows-x86_64, r-oldrel-macos-arm64, r-oldrel-macos-x86_64, r-oldrel-windows-x86_64
Version: 0.2.3
Check: dependencies in R code
Result: NOTE
Namespaces in Imports field not imported from:
‘Rmisc’ ‘rlang’
All declared Imports should be used.
Flavors: r-devel-linux-x86_64-fedora-clang, r-devel-linux-x86_64-fedora-gcc