Last updated on 2024-08-15 20:48:15 CEST.
Flavor | Version | Tinstall | Tcheck | Ttotal | Status | Flags |
---|---|---|---|---|---|---|
r-devel-linux-x86_64-debian-clang | 0.2.1 | 42.94 | 109.58 | 152.52 | NOTE | |
r-devel-linux-x86_64-debian-gcc | 0.2.1 | 31.64 | 71.04 | 102.68 | NOTE | |
r-devel-linux-x86_64-fedora-clang | 0.2.1 | 251.72 | OK | |||
r-devel-linux-x86_64-fedora-gcc | 0.2.1 | 244.45 | OK | |||
r-devel-windows-x86_64 | 0.2.1 | 46.00 | 122.00 | 168.00 | NOTE | |
r-patched-linux-x86_64 | 0.2.1 | 49.35 | 94.39 | 143.74 | OK | |
r-release-linux-x86_64 | 0.2.1 | 40.32 | 94.68 | 135.00 | OK | |
r-release-macos-arm64 | 0.2.1 | 55.00 | OK | |||
r-release-macos-x86_64 | 0.2.1 | 88.00 | OK | |||
r-release-windows-x86_64 | 0.2.1 | 43.00 | 122.00 | 165.00 | OK | |
r-oldrel-macos-arm64 | 0.2.1 | 80.00 | OK | |||
r-oldrel-macos-x86_64 | 0.2.1 | 141.00 | OK | |||
r-oldrel-windows-x86_64 | 0.2.1 | 59.00 | 159.00 | 218.00 | OK |
Version: 0.2.1
Check: Rd cross-references
Result: NOTE
Found the following Rd file(s) with Rd \link{} targets missing package
anchors:
em.prec.Rd: glassoFast
Please provide package anchors for all Rd \link{} targets not in the
package itself and the base packages.
Flavors: r-devel-linux-x86_64-debian-clang, r-devel-linux-x86_64-debian-gcc, r-devel-windows-x86_64