Last updated on 2025-02-17 02:51:08 CET.
Flavor | Version | Tinstall | Tcheck | Ttotal | Status | Flags |
---|---|---|---|---|---|---|
r-devel-linux-x86_64-debian-clang | 1.3 | 13.45 | 38.54 | 51.99 | OK | |
r-devel-linux-x86_64-debian-gcc | 1.3 | 11.96 | 28.84 | 40.80 | OK | |
r-devel-linux-x86_64-fedora-clang | 1.3 | 91.29 | OK | |||
r-devel-linux-x86_64-fedora-gcc | 1.3 | 86.70 | OK | |||
r-devel-macos-arm64 | 1.3 | 30.00 | OK | |||
r-devel-macos-x86_64 | 1.3 | 47.00 | OK | |||
r-devel-windows-x86_64 | 1.3 | 17.00 | 73.00 | 90.00 | OK | |
r-patched-linux-x86_64 | 1.3 | 15.46 | 36.01 | 51.47 | OK | |
r-release-linux-x86_64 | 1.3 | 16.25 | 35.94 | 52.19 | OK | |
r-release-macos-arm64 | 1.3 | 32.00 | NOTE | |||
r-release-macos-x86_64 | 1.3 | 43.00 | NOTE | |||
r-release-windows-x86_64 | 1.3 | 17.00 | 78.00 | 95.00 | NOTE | |
r-oldrel-macos-arm64 | 1.3 | 35.00 | NOTE | |||
r-oldrel-macos-x86_64 | 1.3 | 45.00 | NOTE | |||
r-oldrel-windows-x86_64 | 1.3 | 17.00 | 103.00 | 120.00 | NOTE |
Version: 1.3
Check: installed package size
Result: NOTE
installed size is 5.2Mb
sub-directories of 1Mb or more:
data 3.9Mb
libs 1.1Mb
Flavors: r-release-macos-arm64, r-release-macos-x86_64, r-release-windows-x86_64, r-oldrel-macos-arm64, r-oldrel-macos-x86_64, r-oldrel-windows-x86_64