Last updated on 2024-08-15 20:48:14 CEST.
Flavor | Version | Tinstall | Tcheck | Ttotal | Status | Flags |
---|---|---|---|---|---|---|
r-devel-linux-x86_64-debian-clang | 1.4.0 | 12.39 | 112.43 | 124.82 | NOTE | |
r-devel-linux-x86_64-debian-gcc | 1.4.0 | 7.99 | 73.04 | 81.03 | NOTE | |
r-devel-linux-x86_64-fedora-clang | 1.4.0 | 201.27 | OK | |||
r-devel-linux-x86_64-fedora-gcc | 1.4.0 | 244.70 | OK | |||
r-devel-windows-x86_64 | 1.4.0 | 16.00 | 129.00 | 145.00 | NOTE | |
r-patched-linux-x86_64 | 1.4.0 | 17.85 | 102.47 | 120.32 | OK | |
r-release-linux-x86_64 | 1.4.0 | 11.15 | 101.88 | 113.03 | OK | |
r-release-macos-arm64 | 1.4.0 | 75.00 | OK | |||
r-release-macos-x86_64 | 1.4.0 | 146.00 | OK | |||
r-release-windows-x86_64 | 1.4.0 | 15.00 | 128.00 | 143.00 | OK | |
r-oldrel-macos-arm64 | 1.4.0 | 80.00 | OK | |||
r-oldrel-macos-x86_64 | 1.4.0 | 130.00 | OK | |||
r-oldrel-windows-x86_64 | 1.4.0 | 18.00 | 153.00 | 171.00 | OK |
Version: 1.4.0
Check: Rd cross-references
Result: NOTE
Found the following Rd file(s) with Rd \link{} targets missing package
anchors:
DSLiteConnection-class.Rd: DSConnection-class
DSLiteDriver-class.Rd: DSDriver-class
DSLiteResult-class.Rd: DSResult-class
getDSLiteData.Rd: DSConnection-class
setupCNSIMTest.Rd: datashield.login
setupDASIMTest.Rd: datashield.login
setupDATASETTest.Rd: datashield.login
setupDISCORDANTTest.Rd: datashield.login
setupDSLiteServer.Rd: datashield.login
setupSURVIVALTest.Rd: datashield.login
Please provide package anchors for all Rd \link{} targets not in the
package itself and the base packages.
Flavors: r-devel-linux-x86_64-debian-clang, r-devel-linux-x86_64-debian-gcc, r-devel-windows-x86_64