Last updated on 2024-08-15 20:48:14 CEST.
Flavor | Version | Tinstall | Tcheck | Ttotal | Status | Flags |
---|---|---|---|---|---|---|
r-devel-linux-x86_64-debian-clang | 0.1.1 | 4.45 | 22.40 | 26.85 | NOTE | |
r-devel-linux-x86_64-debian-gcc | 0.1.1 | 4.14 | 16.85 | 20.99 | NOTE | |
r-devel-linux-x86_64-fedora-clang | 0.1.1 | 42.31 | NOTE | |||
r-devel-linux-x86_64-fedora-gcc | 0.1.1 | 42.64 | NOTE | |||
r-devel-windows-x86_64 | 0.1.1 | 9.00 | 49.00 | 58.00 | NOTE | |
r-patched-linux-x86_64 | 0.1.1 | 5.02 | 20.44 | 25.46 | NOTE | |
r-release-linux-x86_64 | 0.1.1 | 5.52 | 20.66 | 26.18 | NOTE | |
r-release-macos-arm64 | 0.1.1 | 20.00 | NOTE | |||
r-release-macos-x86_64 | 0.1.1 | 26.00 | NOTE | |||
r-release-windows-x86_64 | 0.1.1 | 8.00 | 50.00 | 58.00 | NOTE | |
r-oldrel-macos-arm64 | 0.1.1 | 20.00 | NOTE | |||
r-oldrel-macos-x86_64 | 0.1.1 | 28.00 | NOTE | |||
r-oldrel-windows-x86_64 | 0.1.1 | 8.00 | 53.00 | 61.00 | NOTE |
Version: 0.1.1
Check: LazyData
Result: NOTE
'LazyData' is specified without a 'data' directory
Flavors: r-devel-linux-x86_64-debian-clang, r-devel-linux-x86_64-debian-gcc, r-devel-linux-x86_64-fedora-clang, r-devel-linux-x86_64-fedora-gcc, r-devel-windows-x86_64, r-patched-linux-x86_64, r-release-linux-x86_64, r-release-macos-arm64, r-release-macos-x86_64, r-release-windows-x86_64, r-oldrel-macos-arm64, r-oldrel-macos-x86_64, r-oldrel-windows-x86_64
Version: 0.1.1
Check: installed package size
Result: NOTE
installed size is 5.6Mb
sub-directories of 1Mb or more:
libs 5.4Mb
Flavor: r-devel-linux-x86_64-fedora-clang