Last updated on 2024-08-16 09:49:02 CEST.
Flavor | Version | Tinstall | Tcheck | Ttotal | Status | Flags |
---|---|---|---|---|---|---|
r-devel-linux-x86_64-debian-clang | 1.2.7 | 8.69 | 84.26 | 92.95 | OK | |
r-devel-linux-x86_64-debian-gcc | 1.2.7 | 6.31 | 59.73 | 66.04 | OK | |
r-devel-linux-x86_64-fedora-clang | 1.2.7 | 154.68 | NOTE | |||
r-devel-linux-x86_64-fedora-gcc | 1.2.7 | 164.51 | OK | |||
r-devel-windows-x86_64 | 1.2.7 | 11.00 | 122.00 | 133.00 | OK | |
r-patched-linux-x86_64 | 1.2.7 | 7.73 | 79.41 | 87.14 | OK | |
r-release-linux-x86_64 | 1.2.7 | 9.10 | 78.63 | 87.73 | OK | |
r-release-macos-arm64 | 1.2.7 | 49.00 | OK | |||
r-release-macos-x86_64 | 1.2.7 | 79.00 | OK | |||
r-release-windows-x86_64 | 1.2.7 | 12.00 | 124.00 | 136.00 | OK | |
r-oldrel-macos-arm64 | 1.2.7 | 52.00 | OK | |||
r-oldrel-macos-x86_64 | 1.2.7 | 83.00 | OK | |||
r-oldrel-windows-x86_64 | 1.2.7 | 14.00 | 136.00 | 150.00 | OK |
Version: 1.2.7
Check: Rd cross-references
Result: NOTE
Undeclared package ‘copula’ in Rd xrefs
Flavor: r-devel-linux-x86_64-fedora-clang