CRAN Package Check Results for Package Coinprofile

Last updated on 2025-02-17 02:51:06 CET.

Flavor Version Tinstall Tcheck Ttotal Status Flags
r-devel-linux-x86_64-debian-clang 0.1.9 3.09 27.77 30.86 OK
r-devel-linux-x86_64-debian-gcc 0.1.9 2.19 20.06 22.25 OK
r-devel-linux-x86_64-fedora-clang 0.1.9 51.87 NOTE
r-devel-linux-x86_64-fedora-gcc 0.1.9 47.01 NOTE
r-devel-macos-arm64 0.1.9 18.00 OK
r-devel-macos-x86_64 0.1.9 33.00 OK
r-devel-windows-x86_64 0.1.9 5.00 46.00 51.00 OK
r-patched-linux-x86_64 0.1.9 2.86 26.21 29.07 NOTE
r-release-linux-x86_64 0.1.9 3.00 26.48 29.48 NOTE
r-release-macos-arm64 0.1.9 17.00 NOTE
r-release-macos-x86_64 0.1.9 27.00 NOTE
r-release-windows-x86_64 0.1.9 5.00 50.00 55.00 NOTE
r-oldrel-macos-arm64 0.1.9 19.00 NOTE
r-oldrel-macos-x86_64 0.1.9 26.00 NOTE
r-oldrel-windows-x86_64 0.1.9 5.00 86.00 91.00 NOTE

Check Details

Version: 0.1.9
Check: dependencies in R code
Result: NOTE Namespaces in Imports field not imported from: ‘Rdpack’ ‘coin’ ‘ggplot2’ ‘plyr’ All declared Imports should be used. Flavors: r-devel-linux-x86_64-fedora-clang, r-devel-linux-x86_64-fedora-gcc

Version: 0.1.9
Check: LazyData
Result: NOTE 'LazyData' is specified without a 'data' directory Flavors: r-patched-linux-x86_64, r-release-linux-x86_64, r-release-macos-arm64, r-release-macos-x86_64, r-release-windows-x86_64, r-oldrel-macos-arm64, r-oldrel-macos-x86_64, r-oldrel-windows-x86_64