Last updated on 2025-02-17 02:51:06 CET.
Flavor | Version | Tinstall | Tcheck | Ttotal | Status | Flags |
---|---|---|---|---|---|---|
r-devel-linux-x86_64-debian-clang | 1.0.4 | 8.30 | 89.80 | 98.10 | OK | |
r-devel-linux-x86_64-debian-gcc | 1.0.4 | 5.42 | 65.74 | 71.16 | OK | |
r-devel-linux-x86_64-fedora-clang | 1.0.4 | 159.77 | OK | |||
r-devel-linux-x86_64-fedora-gcc | 1.0.4 | 163.46 | OK | |||
r-devel-macos-arm64 | 1.0.4 | 54.00 | OK | |||
r-devel-macos-x86_64 | 1.0.4 | 103.00 | OK | |||
r-devel-windows-x86_64 | 1.0.4 | 8.00 | 106.00 | 114.00 | OK | |
r-patched-linux-x86_64 | 1.0.4 | 6.34 | 84.10 | 90.44 | NOTE | |
r-release-linux-x86_64 | 1.0.4 | 8.01 | 85.86 | 93.87 | NOTE | |
r-release-macos-arm64 | 1.0.4 | 52.00 | NOTE | |||
r-release-macos-x86_64 | 1.0.4 | 81.00 | NOTE | |||
r-release-windows-x86_64 | 1.0.4 | 9.00 | 107.00 | 116.00 | NOTE | |
r-oldrel-macos-arm64 | 1.0.4 | 58.00 | NOTE | |||
r-oldrel-macos-x86_64 | 1.0.4 | 89.00 | NOTE | |||
r-oldrel-windows-x86_64 | 1.0.4 | 12.00 | 146.00 | 158.00 | NOTE |
Version: 1.0.4
Check: LazyData
Result: NOTE
'LazyData' is specified without a 'data' directory
Flavors: r-patched-linux-x86_64, r-release-linux-x86_64, r-release-macos-arm64, r-release-macos-x86_64, r-release-windows-x86_64, r-oldrel-macos-arm64, r-oldrel-macos-x86_64, r-oldrel-windows-x86_64