Last updated on 2024-08-15 20:48:12 CEST.
Flavor | Version | Tinstall | Tcheck | Ttotal | Status | Flags |
---|---|---|---|---|---|---|
r-devel-linux-x86_64-debian-clang | 0.1.1 | 152.11 | 131.35 | 283.46 | NOTE | |
r-devel-linux-x86_64-debian-gcc | 0.1.1 | 124.45 | 101.08 | 225.53 | NOTE | |
r-devel-linux-x86_64-fedora-clang | 0.1.1 | 437.13 | NOTE | |||
r-devel-linux-x86_64-fedora-gcc | 0.1.1 | 525.91 | NOTE | |||
r-devel-windows-x86_64 | 0.1.1 | 141.00 | 150.00 | 291.00 | NOTE | |
r-patched-linux-x86_64 | 0.1.1 | 174.68 | 132.46 | 307.14 | NOTE | |
r-release-linux-x86_64 | 0.1.1 | 174.82 | 134.00 | 308.82 | NOTE | |
r-release-macos-arm64 | 0.1.1 | 106.00 | NOTE | |||
r-release-macos-x86_64 | 0.1.1 | 183.00 | NOTE | |||
r-release-windows-x86_64 | 0.1.1 | 140.00 | 145.00 | 285.00 | NOTE | |
r-oldrel-macos-arm64 | 0.1.1 | 99.00 | NOTE | |||
r-oldrel-macos-x86_64 | 0.1.1 | 171.00 | NOTE | |||
r-oldrel-windows-x86_64 | 0.1.1 | 193.00 | 185.00 | 378.00 | NOTE |
Version: 0.1.1
Check: for GNU extensions in Makefiles
Result: NOTE
GNU make is a SystemRequirements.
Flavors: r-devel-linux-x86_64-debian-clang, r-devel-linux-x86_64-debian-gcc, r-devel-linux-x86_64-fedora-clang, r-devel-linux-x86_64-fedora-gcc, r-devel-windows-x86_64, r-patched-linux-x86_64, r-release-linux-x86_64, r-release-macos-arm64, r-release-macos-x86_64, r-release-windows-x86_64, r-oldrel-macos-arm64, r-oldrel-macos-x86_64, r-oldrel-windows-x86_64
Version: 0.1.1
Check: dependencies in R code
Result: NOTE
Namespace in Imports field not imported from: ‘rstantools’
All declared Imports should be used.
Flavors: r-devel-linux-x86_64-fedora-clang, r-devel-linux-x86_64-fedora-gcc
Version: 0.1.1
Check: installed package size
Result: NOTE
installed size is 49.0Mb
sub-directories of 1Mb or more:
libs 48.8Mb
Flavors: r-release-macos-arm64, r-release-macos-x86_64, r-oldrel-macos-arm64, r-oldrel-macos-x86_64