Last updated on 2024-08-15 20:48:11 CEST.
Flavor | Version | Tinstall | Tcheck | Ttotal | Status | Flags |
---|---|---|---|---|---|---|
r-devel-linux-x86_64-debian-clang | 1.0.5 | 2.43 | 43.15 | 45.58 | OK | |
r-devel-linux-x86_64-debian-gcc | 1.0.5 | 1.68 | 30.19 | 31.87 | OK | |
r-devel-linux-x86_64-fedora-clang | 1.0.5 | 74.23 | OK | |||
r-devel-linux-x86_64-fedora-gcc | 1.0.5 | 81.37 | OK | |||
r-devel-windows-x86_64 | 1.0.5 | 4.00 | 61.00 | 65.00 | OK | |
r-patched-linux-x86_64 | 1.0.5 | 2.54 | 39.07 | 41.61 | OK | |
r-release-linux-x86_64 | 1.0.5 | 1.93 | 39.91 | 41.84 | OK | |
r-release-macos-arm64 | 1.0.5 | 31.00 | OK | |||
r-release-macos-x86_64 | 1.0.5 | 46.00 | OK | |||
r-release-windows-x86_64 | 1.0.5 | 4.00 | 61.00 | 65.00 | OK | |
r-oldrel-macos-arm64 | 1.0.5 | 31.00 | OK | |||
r-oldrel-macos-x86_64 | 1.0.5 | 38.00 | NOTE | |||
r-oldrel-windows-x86_64 | 1.0.5 | 5.00 | 67.00 | 72.00 | OK |
Version: 1.0.5
Check: package dependencies
Result: NOTE
Package suggested but not available for checking: ‘Seurat’
Flavor: r-oldrel-macos-x86_64