Last updated on 2024-08-15 20:48:11 CEST.
Flavor | Version | Tinstall | Tcheck | Ttotal | Status | Flags |
---|---|---|---|---|---|---|
r-devel-linux-x86_64-debian-clang | 0.2.2 | 6.09 | 42.99 | 49.08 | NOTE | |
r-devel-linux-x86_64-debian-gcc | 0.2.2 | 4.33 | 30.23 | 34.56 | NOTE | |
r-devel-linux-x86_64-fedora-clang | 0.2.2 | 76.89 | NOTE | |||
r-devel-linux-x86_64-fedora-gcc | 0.2.2 | 71.90 | NOTE | |||
r-devel-windows-x86_64 | 0.2.2 | 8.00 | 79.00 | 87.00 | NOTE | |
r-patched-linux-x86_64 | 0.2.2 | 6.34 | 39.78 | 46.12 | NOTE | |
r-release-linux-x86_64 | 0.2.2 | 4.79 | 39.58 | 44.37 | NOTE | |
r-release-macos-arm64 | 0.2.2 | 24.00 | NOTE | |||
r-release-macos-x86_64 | 0.2.2 | 35.00 | NOTE | |||
r-release-windows-x86_64 | 0.2.2 | 8.00 | 81.00 | 89.00 | NOTE | |
r-oldrel-macos-arm64 | 0.2.2 | 24.00 | OK | |||
r-oldrel-macos-x86_64 | 0.2.2 | 36.00 | OK | |||
r-oldrel-windows-x86_64 | 0.2.2 | 11.00 | 75.00 | 86.00 | OK |
Version: 0.2.2
Check: Rd files
Result: NOTE
checkRd: (-1) module_calibrationfile_server.Rd:19: Lost braces; missing escapes or markup?
19 | expression: input_re = reactive({input})}
| ^
checkRd: (-1) module_correctedplots_server.Rd:19: Lost braces; missing escapes or markup?
19 | expression: input_re = reactive({input})}
| ^
checkRd: (-1) module_correctedstats_server.Rd:19: Lost braces; missing escapes or markup?
19 | expression: input_re = reactive({input})}
| ^
checkRd: (-1) module_fileupload_server.Rd:19: Lost braces; missing escapes or markup?
19 | expression: input_re = reactive({input})}
| ^
checkRd: (-1) module_info_server.Rd:19: Lost braces; missing escapes or markup?
19 | expression: input_re = reactive({input})}
| ^
checkRd: (-1) module_log_server.Rd:19: Lost braces; missing escapes or markup?
19 | expression: input_re = reactive({input})}
| ^
checkRd: (-1) module_modelselection_server.Rd:19: Lost braces; missing escapes or markup?
19 | expression: input_re = reactive({input})}
| ^
checkRd: (-1) module_plotting_server.Rd:19: Lost braces; missing escapes or markup?
19 | expression: input_re = reactive({input})}
| ^
checkRd: (-1) module_results_server.Rd:19: Lost braces; missing escapes or markup?
19 | expression: input_re = reactive({input})}
| ^
checkRd: (-1) module_settings_server.Rd:19: Lost braces; missing escapes or markup?
19 | expression: input_re = reactive({input})}
| ^
checkRd: (-1) module_statistics_server.Rd:19: Lost braces; missing escapes or markup?
19 | expression: input_re = reactive({input})}
| ^
Flavors: r-devel-linux-x86_64-debian-clang, r-devel-linux-x86_64-debian-gcc, r-devel-linux-x86_64-fedora-clang, r-devel-linux-x86_64-fedora-gcc, r-devel-windows-x86_64, r-patched-linux-x86_64, r-release-linux-x86_64, r-release-macos-arm64, r-release-macos-x86_64, r-release-windows-x86_64