Last updated on 2024-08-15 20:48:11 CEST.
Flavor | Version | Tinstall | Tcheck | Ttotal | Status | Flags |
---|---|---|---|---|---|---|
r-devel-linux-x86_64-debian-clang | 1.2.3 | 332.34 | 197.68 | 530.02 | NOTE | |
r-devel-linux-x86_64-debian-gcc | 1.2.3 | 245.46 | 157.27 | 402.73 | NOTE | |
r-devel-linux-x86_64-fedora-clang | 1.2.3 | 2.81 | ERROR | |||
r-devel-linux-x86_64-fedora-gcc | 1.2.3 | 1073.12 | NOTE | |||
r-devel-windows-x86_64 | 1.2.3 | 271.00 | 236.00 | 507.00 | NOTE | |
r-patched-linux-x86_64 | 1.2.3 | 311.06 | 213.50 | 524.56 | NOTE | |
r-release-linux-x86_64 | 1.2.3 | 294.36 | 212.57 | 506.93 | NOTE | |
r-release-macos-arm64 | 1.2.3 | 202.00 | NOTE | |||
r-release-macos-x86_64 | 1.2.3 | 240.00 | NOTE | |||
r-release-windows-x86_64 | 1.2.3 | 269.00 | 230.00 | 499.00 | NOTE | |
r-oldrel-macos-arm64 | 1.2.3 | 142.00 | NOTE | |||
r-oldrel-macos-x86_64 | 1.2.3 | 172.00 | NOTE | |||
r-oldrel-windows-x86_64 | 1.2.3 | 389.00 | 290.00 | 679.00 | NOTE |
Version: 1.2.3
Check: for GNU extensions in Makefiles
Result: NOTE
GNU make is a SystemRequirements.
Flavors: r-devel-linux-x86_64-debian-clang, r-devel-linux-x86_64-debian-gcc, r-devel-linux-x86_64-fedora-gcc, r-devel-windows-x86_64, r-patched-linux-x86_64, r-release-linux-x86_64, r-release-macos-arm64, r-release-macos-x86_64, r-release-windows-x86_64, r-oldrel-macos-arm64, r-oldrel-macos-x86_64, r-oldrel-windows-x86_64
Version: 1.2.3
Check: package dependencies
Result: ERROR
Package required but not available: ‘laGP’
See section ‘The DESCRIPTION file’ in the ‘Writing R Extensions’
manual.
Flavor: r-devel-linux-x86_64-fedora-clang
Version: 1.2.3
Check: installed package size
Result: NOTE
installed size is 7.6Mb
sub-directories of 1Mb or more:
data 1.3Mb
help 1.8Mb
libs 3.4Mb
Flavors: r-devel-windows-x86_64, r-release-macos-arm64, r-release-macos-x86_64, r-release-windows-x86_64, r-oldrel-macos-arm64, r-oldrel-macos-x86_64, r-oldrel-windows-x86_64