Last updated on 2024-08-15 20:48:11 CEST.
Flavor | Version | Tinstall | Tcheck | Ttotal | Status | Flags |
---|---|---|---|---|---|---|
r-devel-linux-x86_64-debian-clang | 2.2.5 | 12.96 | 41.88 | 54.84 | OK | |
r-devel-linux-x86_64-debian-gcc | 2.2.5 | 11.37 | 28.93 | 40.30 | OK | |
r-devel-linux-x86_64-fedora-clang | 2.2.5 | 84.19 | NOTE | |||
r-devel-linux-x86_64-fedora-gcc | 2.2.5 | 92.06 | NOTE | |||
r-devel-windows-x86_64 | 2.2.5 | 20.00 | 77.00 | 97.00 | OK | |
r-patched-linux-x86_64 | 2.2.5 | 17.43 | 37.88 | 55.31 | OK | |
r-release-linux-x86_64 | 2.2.5 | 14.86 | 38.71 | 53.57 | OK | |
r-release-macos-arm64 | 2.2.5 | 27.00 | OK | |||
r-release-macos-x86_64 | 2.2.5 | 38.00 | OK | |||
r-release-windows-x86_64 | 2.2.5 | 20.00 | 77.00 | 97.00 | OK | |
r-oldrel-macos-arm64 | 2.2.5 | 28.00 | OK | |||
r-oldrel-macos-x86_64 | 2.2.5 | 44.00 | OK | |||
r-oldrel-windows-x86_64 | 2.2.5 | 19.00 | 84.00 | 103.00 | OK |
Version: 2.2.5
Check: data for non-ASCII characters
Result: NOTE
Note: found 385 marked UTF-8 strings
Flavors: r-devel-linux-x86_64-fedora-clang, r-devel-linux-x86_64-fedora-gcc