Last updated on 2025-02-17 02:51:05 CET.
Flavor | Version | Tinstall | Tcheck | Ttotal | Status | Flags |
---|---|---|---|---|---|---|
r-devel-linux-x86_64-debian-clang | 1.2.0 | 21.74 | 346.03 | 367.77 | NOTE | |
r-devel-linux-x86_64-debian-gcc | 1.2.0 | 16.30 | 220.06 | 236.36 | NOTE | |
r-devel-linux-x86_64-fedora-clang | 1.2.0 | 566.18 | NOTE | |||
r-devel-linux-x86_64-fedora-gcc | 1.2.0 | 512.03 | NOTE | |||
r-devel-macos-arm64 | 1.2.0 | 140.00 | NOTE | |||
r-devel-macos-x86_64 | 1.2.0 | 415.00 | NOTE | |||
r-devel-windows-x86_64 | 1.2.0 | 25.00 | 228.00 | 253.00 | NOTE | --no-vignettes |
r-patched-linux-x86_64 | 1.2.0 | 26.22 | 269.95 | 296.17 | NOTE | |
r-release-linux-x86_64 | 1.2.0 | 23.99 | 272.58 | 296.57 | NOTE | |
r-release-macos-arm64 | 1.2.0 | 148.00 | NOTE | |||
r-release-macos-x86_64 | 1.2.0 | 336.00 | NOTE | |||
r-release-windows-x86_64 | 1.2.0 | 27.00 | 226.00 | 253.00 | NOTE | --no-vignettes |
r-oldrel-macos-arm64 | 1.2.0 | 140.00 | OK | |||
r-oldrel-macos-x86_64 | 1.2.0 | 224.00 | NOTE | |||
r-oldrel-windows-x86_64 | 1.2.0 | 33.00 | 249.00 | 282.00 | OK | --no-vignettes |
Version: 1.2.0
Check: Rd files
Result: NOTE
checkRd: (-1) pnbd.mcmc.DrawParameters.Rd:45: Lost braces in \itemize; \value handles \item{}{} directly
checkRd: (-1) pnbd.mcmc.DrawParameters.Rd:46: Lost braces in \itemize; \value handles \item{}{} directly
Flavors: r-devel-linux-x86_64-debian-clang, r-devel-linux-x86_64-debian-gcc, r-devel-linux-x86_64-fedora-clang, r-devel-linux-x86_64-fedora-gcc, r-devel-macos-arm64, r-devel-macos-x86_64, r-patched-linux-x86_64, r-release-linux-x86_64, r-release-macos-arm64, r-release-macos-x86_64
Version: 1.2.0
Check: Rd cross-references
Result: NOTE
Found the following Rd file(s) with Rd \link{} targets missing package
anchors:
abe.mcmc.DrawParameters.Rd: mcmc.list
pggg.mcmc.DrawParameters.Rd: mcmc.list
pnbd.mcmc.DrawParameters.Rd: mcmc.list
Please provide package anchors for all Rd \link{} targets not in the
package itself and the base packages.
Flavors: r-devel-linux-x86_64-debian-clang, r-devel-linux-x86_64-debian-gcc
Version: 1.2.0
Flags: --no-vignettes
Check: Rd files
Result: NOTE
checkRd: (-1) pnbd.mcmc.DrawParameters.Rd:45: Lost braces in \itemize; \value handles \item{}{} directly
checkRd: (-1) pnbd.mcmc.DrawParameters.Rd:46: Lost braces in \itemize; \value handles \item{}{} directly
Flavors: r-devel-windows-x86_64, r-release-windows-x86_64
Version: 1.2.0
Flags: --no-vignettes
Check: Rd cross-references
Result: NOTE
Found the following Rd file(s) with Rd \link{} targets missing package
anchors:
abe.mcmc.DrawParameters.Rd: mcmc.list
pggg.mcmc.DrawParameters.Rd: mcmc.list
pnbd.mcmc.DrawParameters.Rd: mcmc.list
Please provide package anchors for all Rd \link{} targets not in the
package itself and the base packages.
Flavor: r-devel-windows-x86_64
Version: 1.2.0
Check: package dependencies
Result: NOTE
Package suggested but not available for checking: ‘gsl’
Flavor: r-oldrel-macos-x86_64