Last updated on 2025-02-17 02:51:04 CET.
Flavor | Version | Tinstall | Tcheck | Ttotal | Status | Flags |
---|---|---|---|---|---|---|
r-devel-linux-x86_64-debian-clang | 0.1.1 | 7.77 | 78.88 | 86.65 | OK | |
r-devel-linux-x86_64-debian-gcc | 0.1.1 | 6.70 | 55.95 | 62.65 | OK | |
r-devel-linux-x86_64-fedora-clang | 0.1.1 | 146.64 | OK | |||
r-devel-linux-x86_64-fedora-gcc | 0.1.1 | 149.09 | OK | |||
r-devel-macos-arm64 | 0.1.1 | 55.00 | OK | |||
r-devel-macos-x86_64 | 0.1.1 | 105.00 | OK | |||
r-devel-windows-x86_64 | 0.1.1 | 10.00 | 83.00 | 93.00 | OK | |
r-patched-linux-x86_64 | 0.1.1 | 7.56 | 72.33 | 79.89 | NOTE | |
r-release-linux-x86_64 | 0.1.1 | 9.05 | 72.99 | 82.04 | NOTE | |
r-release-macos-arm64 | 0.1.1 | 46.00 | NOTE | |||
r-release-macos-x86_64 | 0.1.1 | 87.00 | NOTE | |||
r-release-windows-x86_64 | 0.1.1 | 8.00 | 84.00 | 92.00 | NOTE | |
r-oldrel-macos-arm64 | 0.1.1 | 52.00 | NOTE | |||
r-oldrel-macos-x86_64 | 0.1.1 | 77.00 | NOTE | |||
r-oldrel-windows-x86_64 | 0.1.1 | 12.00 | 112.00 | 124.00 | NOTE |
Version: 0.1.1
Check: LazyData
Result: NOTE
'LazyData' is specified without a 'data' directory
Flavors: r-patched-linux-x86_64, r-release-linux-x86_64, r-release-macos-arm64, r-release-macos-x86_64, r-release-windows-x86_64, r-oldrel-macos-arm64, r-oldrel-macos-x86_64, r-oldrel-windows-x86_64