Last updated on 2024-07-22 11:56:41 CEST.
Flavor | Version | Tinstall | Tcheck | Ttotal | Status | Flags |
---|---|---|---|---|---|---|
r-devel-linux-x86_64-debian-clang | 2.0.6 | 2.73 | 25.06 | 27.79 | NOTE | |
r-devel-linux-x86_64-debian-gcc | 2.0.6 | 2.02 | 18.83 | 20.85 | NOTE | |
r-devel-linux-x86_64-fedora-clang | 2.0.6 | 34.66 | NOTE | |||
r-devel-linux-x86_64-fedora-gcc | 2.0.6 | 32.52 | NOTE | |||
r-devel-windows-x86_64 | 2.0.6 | 3.00 | 42.00 | 45.00 | NOTE | |
r-patched-linux-x86_64 | 2.0.6 | 2.57 | 24.26 | 26.83 | NOTE | |
r-release-linux-x86_64 | 2.0.6 | 2.22 | 23.53 | 25.75 | NOTE | |
r-release-macos-arm64 | 2.0.6 | 15.00 | NOTE | |||
r-release-macos-x86_64 | 2.0.6 | 21.00 | NOTE | |||
r-release-windows-x86_64 | 2.0.6 | 3.00 | 41.00 | 44.00 | NOTE | |
r-oldrel-macos-arm64 | 2.0.6 | 16.00 | OK | |||
r-oldrel-macos-x86_64 | 2.0.6 | 20.00 | OK | |||
r-oldrel-windows-x86_64 | 2.0.6 | 3.00 | 41.00 | 44.00 | OK |
Version: 2.0.6
Check: Rd files
Result: NOTE
checkRd: (-1) in.zoom.Rd:34: Lost braces in \itemize; meant \describe ?
checkRd: (-1) in.zoom.Rd:35: Lost braces in \itemize; meant \describe ?
checkRd: (-1) in.zoom.Rd:36: Lost braces in \itemize; meant \describe ?
checkRd: (-1) in.zoom.Rd:37: Lost braces in \itemize; meant \describe ?
checkRd: (-1) in.zoom.Rd:38: Lost braces in \itemize; meant \describe ?
checkRd: (-1) in.zoom.Rd:39: Lost braces in \itemize; meant \describe ?
checkRd: (-1) zm.Rd:30: Lost braces in \itemize; meant \describe ?
checkRd: (-1) zm.Rd:31: Lost braces in \itemize; meant \describe ?
checkRd: (-1) zm.Rd:32: Lost braces in \itemize; meant \describe ?
checkRd: (-1) zm.Rd:12: Lost braces in \itemize; meant \describe ?
checkRd: (-1) zm.Rd:13: Lost braces in \itemize; meant \describe ?
Flavors: r-devel-linux-x86_64-debian-clang, r-devel-linux-x86_64-debian-gcc, r-devel-linux-x86_64-fedora-clang, r-devel-linux-x86_64-fedora-gcc, r-devel-windows-x86_64, r-patched-linux-x86_64, r-release-linux-x86_64, r-release-macos-arm64, r-release-macos-x86_64, r-release-windows-x86_64