Last updated on 2024-07-22 11:56:40 CEST.
Flavor | Version | Tinstall | Tcheck | Ttotal | Status | Flags |
---|---|---|---|---|---|---|
r-devel-linux-x86_64-debian-clang | 0.1.1 | 9.54 | 80.51 | 90.05 | NOTE | |
r-devel-linux-x86_64-debian-gcc | 0.1.1 | 7.49 | 59.49 | 66.98 | NOTE | |
r-devel-linux-x86_64-fedora-clang | 0.1.1 | 114.56 | NOTE | |||
r-devel-linux-x86_64-fedora-gcc | 0.1.1 | 104.58 | NOTE | |||
r-devel-windows-x86_64 | 0.1.1 | 9.00 | 76.00 | 85.00 | NOTE | |
r-patched-linux-x86_64 | 0.1.1 | 7.92 | 74.89 | 82.81 | NOTE | |
r-release-linux-x86_64 | 0.1.1 | 9.98 | 75.63 | 85.61 | NOTE | |
r-release-macos-arm64 | 0.1.1 | 30.00 | NOTE | |||
r-release-macos-x86_64 | 0.1.1 | 57.00 | NOTE | |||
r-release-windows-x86_64 | 0.1.1 | 9.00 | 76.00 | 85.00 | NOTE | |
r-oldrel-macos-arm64 | 0.1.1 | 36.00 | NOTE | |||
r-oldrel-macos-x86_64 | 0.1.1 | 55.00 | NOTE | |||
r-oldrel-windows-x86_64 | 0.1.1 | 9.00 | 88.00 | 97.00 | NOTE |
Version: 0.1.1
Check: LazyData
Result: NOTE
'LazyData' is specified without a 'data' directory
Flavors: r-devel-linux-x86_64-debian-clang, r-devel-linux-x86_64-debian-gcc, r-devel-linux-x86_64-fedora-clang, r-devel-linux-x86_64-fedora-gcc, r-devel-windows-x86_64, r-patched-linux-x86_64, r-release-linux-x86_64, r-release-macos-arm64, r-release-macos-x86_64, r-release-windows-x86_64, r-oldrel-macos-arm64, r-oldrel-macos-x86_64, r-oldrel-windows-x86_64