Last updated on 2024-07-22 11:56:32 CEST.
Flavor | Version | Tinstall | Tcheck | Ttotal | Status | Flags |
---|---|---|---|---|---|---|
r-devel-linux-x86_64-debian-clang | 0.1.6 | 45.39 | 431.93 | 477.32 | OK | |
r-devel-linux-x86_64-debian-gcc | 0.1.6 | 37.19 | 315.07 | 352.26 | NOTE | |
r-devel-linux-x86_64-fedora-clang | 0.1.6 | 587.71 | NOTE | |||
r-devel-linux-x86_64-fedora-gcc | 0.1.6 | 551.04 | OK | |||
r-devel-windows-x86_64 | 0.1.6 | 38.00 | 285.00 | 323.00 | NOTE | |
r-patched-linux-x86_64 | 0.1.6 | 54.32 | 419.78 | 474.10 | OK | |
r-release-linux-x86_64 | 0.1.6 | 28.45 | 406.04 | 434.49 | OK | |
r-release-macos-arm64 | 0.1.6 | 130.00 | NOTE | |||
r-release-macos-x86_64 | 0.1.6 | 229.00 | NOTE | |||
r-release-windows-x86_64 | 0.1.6 | 37.00 | 287.00 | 324.00 | NOTE | |
r-oldrel-macos-arm64 | 0.1.6 | 132.00 | NOTE | |||
r-oldrel-macos-x86_64 | 0.1.6 | 312.00 | NOTE | |||
r-oldrel-windows-x86_64 | 0.1.6 | 49.00 | 384.00 | 433.00 | NOTE |
Version: 0.1.6
Check: Rd cross-references
Result: NOTE
Found the following Rd file(s) with Rd \link{} targets missing package
anchors:
ggplotmaply.Rd: ggplotly
oceanmap.Rd: raster
readbin.Rd: fields
Please provide package anchors for all Rd \link{} targets not in the
package itself and the base packages.
Flavors: r-devel-linux-x86_64-debian-gcc, r-devel-windows-x86_64
Version: 0.1.6
Check: installed package size
Result: NOTE
installed size is 6.2Mb
sub-directories of 1Mb or more:
R 1.5Mb
test_files 4.2Mb
Flavors: r-devel-linux-x86_64-fedora-clang, r-devel-windows-x86_64, r-release-macos-arm64, r-release-macos-x86_64, r-release-windows-x86_64, r-oldrel-macos-arm64, r-oldrel-macos-x86_64, r-oldrel-windows-x86_64