Last updated on 2024-07-22 11:56:39 CEST.
Flavor | Version | Tinstall | Tcheck | Ttotal | Status | Flags |
---|---|---|---|---|---|---|
r-devel-linux-x86_64-debian-clang | 0.5.1 | 30.27 | 92.48 | 122.75 | NOTE | |
r-devel-linux-x86_64-debian-gcc | 0.5.1 | 20.82 | 68.43 | 89.25 | NOTE | |
r-devel-linux-x86_64-fedora-clang | 0.5.1 | 171.63 | NOTE | |||
r-devel-linux-x86_64-fedora-gcc | 0.5.1 | 153.99 | NOTE | |||
r-devel-windows-x86_64 | 0.5.1 | 28.00 | 147.00 | 175.00 | NOTE | |
r-patched-linux-x86_64 | 0.5.1 | 31.20 | 87.37 | 118.57 | NOTE | |
r-release-linux-x86_64 | 0.5.1 | 28.89 | 89.12 | 118.01 | NOTE | |
r-release-macos-arm64 | 0.5.1 | 50.00 | NOTE | |||
r-release-macos-x86_64 | 0.5.1 | 75.00 | NOTE | |||
r-release-windows-x86_64 | 0.5.1 | 32.00 | 101.00 | 133.00 | NOTE | |
r-oldrel-macos-arm64 | 0.5.1 | 51.00 | NOTE | |||
r-oldrel-macos-x86_64 | 0.5.1 | 79.00 | NOTE | |||
r-oldrel-windows-x86_64 | 0.5.1 | 40.00 | 126.00 | 166.00 | NOTE |
Version: 0.5.1
Check: C++ specification
Result: NOTE
Specified C++11: please drop specification unless essential
Flavors: r-devel-linux-x86_64-debian-clang, r-devel-linux-x86_64-debian-gcc, r-devel-linux-x86_64-fedora-clang, r-devel-linux-x86_64-fedora-gcc, r-devel-windows-x86_64, r-patched-linux-x86_64, r-release-linux-x86_64, r-release-macos-arm64, r-release-macos-x86_64, r-release-windows-x86_64, r-oldrel-macos-arm64, r-oldrel-macos-x86_64, r-oldrel-windows-x86_64