Last updated on 2024-07-22 11:56:21 CEST.
Flavor | Version | Tinstall | Tcheck | Ttotal | Status | Flags |
---|---|---|---|---|---|---|
r-devel-linux-x86_64-debian-clang | 0.8 | 71.39 | 71.13 | 142.52 | NOTE | |
r-devel-linux-x86_64-debian-gcc | 0.8 | 40.94 | 51.46 | 92.40 | NOTE | |
r-devel-linux-x86_64-fedora-clang | 0.8 | 226.62 | NOTE | |||
r-devel-linux-x86_64-fedora-gcc | 0.8 | 185.18 | NOTE | |||
r-devel-windows-x86_64 | 0.8 | 58.00 | 92.00 | 150.00 | NOTE | |
r-patched-linux-x86_64 | 0.8 | 71.46 | 67.12 | 138.58 | NOTE | |
r-release-linux-x86_64 | 0.8 | 49.31 | 67.58 | 116.89 | NOTE | |
r-release-macos-arm64 | 0.8 | 46.00 | NOTE | |||
r-release-macos-x86_64 | 0.8 | 58.00 | NOTE | |||
r-release-windows-x86_64 | 0.8 | 73.00 | 92.00 | 165.00 | NOTE | |
r-oldrel-macos-arm64 | 0.8 | 49.00 | OK | |||
r-oldrel-macos-x86_64 | 0.8 | 71.00 | OK | |||
r-oldrel-windows-x86_64 | 0.8 | 89.00 | 105.00 | 194.00 | OK |
Version: 0.8
Check: Rd files
Result: NOTE
checkRd: (-1) BMD.Rd:21: Lost braces in \itemize; \value handles \item{}{} directly
checkRd: (-1) BMD.Rd:22: Lost braces in \itemize; \value handles \item{}{} directly
checkRd: (-1) BMD.Rd:23: Lost braces in \itemize; \value handles \item{}{} directly
checkRd: (-1) BMD.Rd:24: Lost braces in \itemize; \value handles \item{}{} directly
checkRd: (-1) BMD.Rd:25: Lost braces in \itemize; \value handles \item{}{} directly
checkRd: (-1) add.risk.Rd:30: Lost braces in \itemize; \value handles \item{}{} directly
checkRd: (-1) add.risk.Rd:31: Lost braces in \itemize; \value handles \item{}{} directly
checkRd: (-1) comire.gibbs.Rd:66: Lost braces in \itemize; \value handles \item{}{} directly
checkRd: (-1) comire.gibbs.Rd:67-68: Lost braces in \itemize; \value handles \item{}{} directly
checkRd: (-1) comire.gibbs.Rd:69: Lost braces in \itemize; \value handles \item{}{} directly
checkRd: (-1) comire.gibbs.Rd:70: Lost braces in \itemize; \value handles \item{}{} directly
checkRd: (-1) comire.gibbs.Rd:71: Lost braces in \itemize; \value handles \item{}{} directly
checkRd: (-1) comire.gibbs.Rd:72: Lost braces in \itemize; \value handles \item{}{} directly
checkRd: (-1) comire.gibbs.Rd:73: Lost braces in \itemize; \value handles \item{}{} directly
checkRd: (-1) comire.gibbs.Rd:74: Lost braces in \itemize; \value handles \item{}{} directly
checkRd: (-1) comire.gibbs.Rd:75: Lost braces in \itemize; \value handles \item{}{} directly
checkRd: (-1) comire.gibbs.Rd:76: Lost braces in \itemize; \value handles \item{}{} directly
Flavors: r-devel-linux-x86_64-debian-clang, r-devel-linux-x86_64-debian-gcc, r-devel-linux-x86_64-fedora-clang, r-devel-linux-x86_64-fedora-gcc, r-devel-windows-x86_64, r-patched-linux-x86_64, r-release-linux-x86_64, r-release-macos-arm64, r-release-macos-x86_64, r-release-windows-x86_64